h**2 - 1/20*h**5 + 0*h**4 - 1/2*h**3 + 0 - 1/120*h**6. Give v(-3).
-3
Let j(s) be the first derivative of -s**3 + 1/120*s**5 + 0*s**2 + 0*s**4 + 0*s - 1/90*s**6 + 4. Let h(m) be the third derivative of j(m). What is h(1)?
-3
Let r be -5 - (2 + -4) - 4. Let x(n) = n + 9. Determine x(r).
2
Let s(y) = y**2 - 4*y. Let f be s(4). Suppose 4*x - x + 9 = f. Let w(p) = 3*p. Determine w(x).
-9
Let n(r) = 76*r**3 + 5*r**2 - 4*r**2 - 75*r**3 - 4*r. Determine n(-4).
-32
Let p(s) = -1 + 0*s + 16*s - 5*s. Let f(b) = -b**3 - b**2 - b + 2. Let h be f(1). What is p(h)?
-12
Let i(k) = k. Let x(m) = -m**2 + 6*m - 1. Let c be x(6). Let l = 4 - c. Calculate i(l).
5
Let s(i) = -i - 1. Let q(x) = 4*x + 5. Let r(f) = -4*q(f) - 18*s(f). Suppose -p - 2 = -0. Let y = p + 0. Determine r(y).
-6
Let q(i) be the second derivative of i**4/12 + i**3 + 5*i**2/2 + i. Let j be 3/((-9)/30*-2). Suppose 5*p = -j - 20. What is q(p)?
0
Let q(i) be the second derivative of -i**7/2520 + 7*i**6/720 - 7*i**5/120 - i**4/4 - 5*i. Let j(a) be the third derivative of q(a). Give j(5).
3
Let v(t) be the third derivative of t**5/60 + t**4/8 - 5*t**3/6 + 2*t**2. Determine v(-6).
13
Suppose -5*q - 5*n = -160, 5*q = q + 5*n + 101. Let g be q/(-9) + 4/18. Let h(w) = 2 - w**2 - 3*w + 0*w + 0. Determine h(g).
2
Let c(r) be the second derivative of r**4/12 + r**3/3 - r**2 - 2*r. Let m(p) = -p. Let z(y) = c(y) + 3*m(y). Give z(4).
10
Let u = -8 + 10. Let d(j) = 7*j**u + 4*j - 6*j**2 - j. Calculate d(-3).
0
Let f(u) = 5*u + u**2 + 6*u - 5*u - 9. Determine f(-8).
7
Let x(p) = 5*p**2 - 3*p + 2. Let z(y) = y**2 + 2*y + 3. Let d be z(-1). Give x(d).
16
Let h be (-96)/(-40) + 4/(-10). Let i(v) = -v**3 + v**2 - 2*v. What is i(h)?
-8
Let h(b) = b + 4. Let q(o) = -o**3 + 11*o**2 - 8*o - 20. Let z be q(10). What is h(z)?
4
Let r(l) = -l**3 - 7*l**2 - 6*l - 1. Let z = -16 + 22. Suppose 4*c = 3*c - z. Calculate r(c).
-1
Let a(k) = k**2 + 6*k - 8. Let m be 2 + (30/(-1))/3. Determine a(m).
8
Let t = 20 - 22. Let o(n) = 3*n**2 - 3*n - 3. What is o(t)?
15
Let o(d) = 0*d - 6*d + 3*d**3 + d + 5*d**2 + 2*d**2 + 5. Let f(k) = 2*k**3 + 3*k**2 - 3*k + 2. Let z(g) = 5*f(g) - 3*o(g). Give z(6).
-5
Let g(w) be the first derivative of 1/60*w**5 - 2 + 1/2*w**3 + 0*w + 3/2*w**2 + 5/24*w**4. Let k(a) be the second derivative of g(a). Determine k(-3).
-3
Let l(z) be the second derivative of -z**8/6720 - z**7/630 - z**6/720 + z**5/60 - z**4/12 + 2*z. Let m(o) be the third derivative of l(o). Give m(-3).
-4
Let y(c) = c**3 + 4*c**2 + 3*c + 1. Let l = 16 - 8. Let m = -11 + l. What is y(m)?
1
Suppose 3*a + 1 + 2 = -2*x, 4*x + 5*a + 3 = 0. Suppose 5*b - 28 = -x. Let p(q) be the second derivative of -q**4/12 + 5*q**3/6 - q**2 - 2*q. Determine p(b).
-2
Let l(h) = -2*h**3 + 6*h**2 + 3*h + 4. Let f(i) = i**3 - 3*i**2 - i - 2. Let u(p) = 13*f(p) + 6*l(p). Determine u(3).
13
Let r(b) = -b**3 + b**2 + 1. Suppose t = 6*t + 5. Let p be t/(-2)*(-2 + 2). Suppose p = 2*z - z - 2. Calculate r(z).
-3
Let r(l) be the first derivative of l**2/2 - l + 1. Suppose -27 = 6*v - 21. Give r(v).
-2
Suppose -r = 4*r + 25. Let k(p) = -2*p - 4. Calculate k(r).
6
Let l(f) be the second derivative of f**2 - 1/6*f**3 + 0 + 3*f. What is l(4)?
-2
Let b be 16/(-88) - (-62)/(-22). Let n be -2*b/(-18)*3. Let x(y) = y**2 + 2*y + 1. Give x(n).
0
Let b(l) be the second derivative of -5*l**3/6 + l**2/2 - l. Suppose -k - k - 10 = 0. Let o be 0/2 + (k - -6). Determine b(o).
-4
Let z(a) be the first derivative of -a**6/360 - a**5/120 + a**4/12 + a**3 + 3. Let r(y) be the third derivative of z(y). Suppose 3*p = 2 - 8. Determine r(p).
0
Let r(n) = -n**2 + 3. Let v(j) = -4*j + 1 + 1 + 3*j - j**2 + 0*j. Let s be v(-2). Let b = -3 - s. Give r(b).
-6
Let b(m) = -m**2 + m + 2. Let w = 47 - 47. Determine b(w).
2
Let z(a) = -a**2 - 7*a - 6. Suppose 7*s + 44 = -4*s. Determine z(s).
6
Let h(r) = r**3 - 3*r**2 - 4. Suppose -4*f - 20 = -9*f. Determine h(f).
12
Let v(m) = -m + 8. Let g(a) = 2*a**2 - a. Let q be g(2). Calculate v(q).
2
Let r = -16 - -12. Let l(t) = -t - 4. Calculate l(r).
0
Suppose n = 2*n - k + 2, 5*k = 25. Suppose n*d + 0 = 9. Let q(i) = 1. Let y(l) = -l. Let m(f) = 4*q(f) + y(f). Determine m(d).
1
Let i(d) = 3*d - 3. Suppose -5*n + 15 = -0. Calculate i(n).
6
Suppose d + 2 - 5 = 0. Let t(y) = -y**2 + y. What is t(d)?
-6
Let b = -1 + 3. Suppose -b*v + 8 - 2 = 0. Let p(h) be the first derivative of -h**3/3 + 5*h**2/2 - 2*h - 1. Determine p(v).
4
Let u = 10 - 6. Suppose -3*n + 5 + u = 0. Let d(j) = -j**2 + 3*j - 3. What is d(n)?
-3
Suppose 4*w + 107 = 3*r - 2*r, r = -2*w - 55. Let b = -18 - w. Suppose b + 0 = -3*d. Let n(g) = -3*g - 2. What is n(d)?
7
Let u be (-98)/56*(-4)/(-1). Let x(r) = r**2 + 2*r - 9. Give x(u).
26
Suppose 2*l + 0 = -2. Let x be (l - (0 + -1))*-1. Let w(m) = x*m + m + 5 + 0*m. Give w(-5).
0
Let n(m) be the third derivative of -m**6/120 - m**5/12 + m**4/6 - 7*m**3/6 - m**2. Give n(-6).
5
Suppose 3*f - 5*b = -34, 2*b + 10 = 5*f + 7*b. Let m(s) = 2*s**2 + 4*s - 1. Give m(f).
5
Let h(f) = -f**3 - 3*f**2 + 4*f - 1. Let r(d) = d**2 - 11*d + 20. Let q be r(8). Determine h(q).
-1
Let n(w) = w**2 - 4*w + 1. Let q be (11*-1)/(7 - 6). Let u = q - -14. What is n(u)?
-2
Let y = -11 + 15. Let f(i) = 2*i + 2. Calculate f(y).
10
Let m(q) = q + 4. Let v be m(-4). Let o(f) be the first derivative of -f**3/3 + 2*f + 6. Determine o(v).
2
Let n(l) = l**3 - l**2 - 1. Let u(a) = 2*a**3 - a**2 - 10. Let q(r) = -n(r) + u(r). Let h(f) = f + 2. Let z be h(-4). Let y = z + 2. Calculate q(y).
-9
Let s be (-1 + 1)*(2 - 1). Let u = -2 - s. Let k(a) = 7*a**2 - 3*a + 9. Let f(o) = 4*o**2 - 2*o + 5. Let y(b) = 5*f(b) - 3*k(b). Calculate y(u).
-4
Suppose u - 4 = 1. Suppose -30 = -u*z + 5*s, 2*z + 2*z = -4*s. Let m(h) = h**z + 0*h - 5 - h - 3*h + 0*h**2 + 3*h**2. Determine m(-4).
-5
Suppose -19 = -5*w + 2*i + 29, 0 = 2*w + 2*i - 22. Let z = w - 7. Let x(v) = -2*v - 2. Give x(z).
-8
Let m(t) = -t**2 - 7*t - 7. Suppose 5*q - 3*r + 12 = 0, 4 = -4*q - 4*r - 12. Let g = 3 - q. Let n be 2*((-21)/g - -1). Give m(n).
3
Let g(y) be the first derivative of -y**5/120 - y**4/4 - 7*y**3/3 - 4. Let c(z) be the third derivative of g(z). Calculate c(0).
-6
Suppose 0 = -2*v + 3*r + 10, -2*v - 2*r + 6*r + 10 = 0. Let m = -31 - -33. Let y(g) = m*g**2 - 6*g + 5 + 2*g**2 - 3*g**2 + 0. Determine y(v).
0
Let u(k) be the second derivative of -k**3/6 - 2*k**2 + 2*k. Let x be (-1 - -5)*7/(-4). Let p = x - -5. Calculate u(p).
-2
Let a(m) = 2*m**2 - 6*m + 6. Let w(n) = 3*n**2 - 6*n + 6. Let o be -1 + (-1 - (-1)/(-1)). Let t(v) = o*w(v) + 4*a(v). Give t(-6).
6
Let f(s) be the third derivative of 5*s**4/24 - s**3/2 + 28*s**2. Suppose -2*a + 10 = -3*m, 3 = 3*a + m - 1. Calculate f(a).
7
Let c(d) = 5*d + 4. Let y(x) = 4*x**3 - 3*x - 2. Let s be y(-1). Determine c(s).
-11
Let h(c) be the first derivative of 0*c**2 + 7/24*c**4 + 0*c - 1 - 1/120*c**5 + 1/3*c**3. Let q(p) be the third derivative of h(p). Give q(4).
3
Suppose -i + 1 + 2 = 0. Let d(p) = -p**2 + 3. What is d(i)?
-6
Let y be (1 + -14)*(-9 - -8). Suppose 2*d - y = 2*k + 3*d, -3*k - 6 = -3*d. Let b(f) = f**2 + 5*f + 3. Give b(k).
3
Let c(b) be the third derivative of 0 + 7*b**2 + 0*b + 1/24*b**4 - 13/6*b**3. Determine c(6).
-7
Let u = -14 + 4. Let k = u + 16. Let x(n) = -n**2 + 7*n - 3. Let o be x(k). Let d(g) = -g**2 + g + 2. What is d(o)?
-4
Let l = 21 + -14. Let y(u) = 0 + 3*u - u + l. Let c = -114 - -109. What is y(c)?
-3
Let f(t) = t**2 - 5*t + 1. Let s be (-20)/1*6/(-24). Determine f(s).
1
Let z(s) be the third derivative of s**4/24 - 10*s**2 + s. What is z(6)?
6
Let r(x) be the second derivative of -x**4/4 + x**2/2 - 19*x. Determine r(-2).
-11
Let f(u) = u**3 + 2*u**2 - 3*u + 3. Let m(o) = o**2 + 5*o + 8. Let c be m(-4). Suppose -8*a = -c*a + 12. Calculate f(a).
3
Let j(d) = 0*d**2 + d**2 + 3*d**2 - 5*d + d**3. Let l = 1 - 6. What is j(l)?
0
Let v(q) = -8*q**3 + 2 + q**3 - 9*q**2 + 4 + 7*q + 8*q**3. Calculate v(8).
-2
Let j(a) = -a**3 + 13*a**2 + a - 16. Let i be j(13). Let f(l) = -5*l - 4. Give f(i).
11
Let r be 4*(-2)/((-8)/(-5)). Let m(f) = 2*f**3 - 3*f**2 + 10. Let w(d) = -d**3 - d**2 - d - 1. Let o(j) = m(j) + 3*w(j). Give o(r).
-3
Let q(x) = x**3 + x. Let s(i) = -3*i**3 + 3*i**2 - 10*i - 3. Let g(u) = 4*q(u) + s(u). What is g(-4)?
5
Let t(h) = h + 